ue
Is 508009 a prime number?
True
Is 17664835 a prime number?
False
Is 4252019 composite?
False
Is 293685331 a prime number?
True
Is 30197819 prime?
True
Is 10272569 a prime number?
False
Is 65183707 a composite number?
False
Is 2543059 prime?
True
Is 19254359 prime?
True
Is 8484527 a composite number?
True
Is 8854451 a composite number?
True
Is 37206061 prime?
True
Is 23085071 prime?
False
Is 547042019 composite?
False
Is 98460797 a composite number?
True
Is 38107663 a prime number?
False
Is 69539 a composite number?
False
Is 16089071 a prime number?
True
Is 378180767 a composite number?
True
Is 15777599 a prime number?
True
Is 104581427 prime?
False
Is 31948723 a composite number?
True
Is 2975087 composite?
True
Is 25607905 composite?
True
Is 3398939 a prime number?
True
Is 47786951 a composite number?
False
Is 39087095 a prime number?
False
Is 72805409 composite?
False
Is 53597609 a composite number?
True
Is 4284809 a prime number?
True
Is 1234499 a composite number?
True
Is 219841 a composite number?
True
Is 14736041 prime?
True
Is 2715683 prime?
True
Is 40079667 a prime number?
False
Is 422267 a prime number?
True
Is 72083471 composite?
True
Is 338992343 a prime number?
True
Is 7656527 a prime number?
True
Is 4020503 a prime number?
True
Is 5083339 prime?
True
Is 53852527 prime?
True
Is 52886213 a composite number?
False
Is 48941497 a composite number?
True
Is 509202215 a composite number?
True
Is 10264106 a composite number?
True
Is 3816977 composite?
True
Is 55453849 prime?
False
Is 211815943 prime?
True
Is 345194839 a prime number?
False
Is 1395613 composite?
False
Is 1694351 prime?
True
Is 11893723 a prime number?
False
Is 312555689 composite?
False
Is 7465061 a composite number?
True
Is 403132838 prime?
False
Is 3605317 a prime number?
False
Is 79312351 a prime number?
False
Is 19347443 a prime number?
False
Is 42086041 a prime number?
True
Is 27419855 prime?
False
Is 72250627 composite?
False
Is 4676503 a composite number?
True
Is 189364999 a prime number?
True
Is 134935583 prime?
False
Is 212523041 a composite number?
False
Is 34576835 composite?
True
Is 4336049 composite?
True
Is 4130591 composite?
False
Is 28301893 a composite number?
False
Is 2108581 composite?
True
Is 4131233 prime?
False
Is 2750707 a composite number?
False
Is 8790283 composite?
True
Is 513933857 prime?
True
Is 12818053 prime?
True
Is 645703 a prime number?
True
Is 23537593 prime?
True
Is 119837551 prime?
False
Is 179529137 a composite number?
True
Is 21571139 a composite number?
False
Is 4654777 composite?
True
Is 1413341 a prime number?
True
Is 237058 a prime number?
False
Is 31938089 a composite number?
False
Is 3335923 prime?
True
Is 44665601 composite?
False
Is 130488639 composite?
True
Is 89663039 a composite number?
True
Is 49181683 composite?
False
Is 116052297 a prime number?
False
Is 643187 a prime number?
True
Is 73126759 composite?
False
Is 43506629 a composite number?
False
Is 142899973 prime?
False
Is 11453669 a composite number?
False
Is 560030063 composite?
False
Is 2096183 prime?
True
Is 6232519 a prime number?
False
Is 719078 prime?
False
Is 391116403 composite?
True
Is 4304291 composite?
False
Is 32958613 prime?
True
Is 2892913 a prime number?
False
Is 14205341 a composite number?
False
Is 23114423 a prime number?
True
Is 49500389 composite?
True
Is 17381549 a prime number?
True
Is 14844857 a composite number?
False
Is 29396747 composite?
False
Is 871307 a prime number?
False
Is 170087609 prime?
True
Is 211433161 a composite number?
True
Is 84611519 a composite number?
False
Is 1628441 a composite number?
False
Is 220138337 composite?
False
Is 6396113 a prime number?
True
Is 53584013 a composite number?
True
Is 13148117 composite?
False
Is 1338913 a prime number?
False
Is 26453291 composite?
False
Is 25456069 a composite number?
False
Is 1892003 prime?
False
Is 2066399 prime?
True
Is 18187343 prime?
False
Is 41933737 composite?
False
Is 65017057 a composite number?
True
Is 51080167 a prime number?
True
Is 35999269 a prime number?
True
Is 12410297 a composite number?
True
Is 2026243 a composite number?
True
Is 114079409 a prime number?
True
Is 29053933 a composite number?
True
Is 126663997 a prime number?
True
Is 32107913 prime?
False
Is 12611413 composite?
True
Is 13251389 a prime number?
False
Is 6898483 a composite number?
False
Is 230887429 a prime number?
True
Is 19990909 composite?
True
Is 25376279 a composite number?
False
Is 18142997 prime?
False
Is 5910923 a prime number?
False
Is 52574111 a composite number?
False
Is 50245477 composite?
False
Is 2229926947 a prime number?
True
Is 721457 a composite number?
True
Is 15562063 a prime number?
False
Is 1623697 a prime number?
False
Is 3966407 a composite number?
False
Is 17136451 a composite number?
True
Is 1274597 a prime number?
False
Is 73268467 composite?
False
Is 2353487 composite?
False
Is 2786909 a composite number?
False
Is 1184241 composite?
True
Is 323863 a prime number?
False
Is 26356003 a composite number?
True
Is 1045691 composite?
False
Is 27647671 a prime number?
False
Is 43555119 composite?
True
Is 3177683 composite?
False
Is 676553 prime?
False
Is 3725147 composite?
False
Is 171963683 prime?
True
Is 73889393 a composite number?
True
Is 40260037 prime?
True
Is 1396751 prime?
True
Is 260241999 a composite number?
True
Is 132603899 composite?
False
Is 5254343 composite?
True
Is 8355571 composite?
True
Is 6179081 composite?
False
Is 5258971 composite?
True
Is 669293 a composite number?
True
Is 11782453 composite?
False
Is 76035131 composite?
True
Is 7311193 a prime number?
False
Is 345102371 a prime number?
False
Is 374283269 composite?
False
Is 8877181 a composite number?
False
Is 1010853629 a prime number?
True
Is 115902593 composite?
False
Is 72158497 a prime number?
True
Is 5429789 a prime number?
True
Is 121562317 a prime number?
True
Is 1681919 prime?
False
Is 67603 composite?
True
Is 106195241 composite?
True
Is 10334977 a composite number?
False
Is 1974857 composite?
True
Is 16071677 prime?
True
Is 6154399 composite?
True
Is 599101 a composite number?
True
Is 1343669 a composite number?
False
Is 2075059 composite?
True
Is 7043065 prime?
False
Is 2365157 a composite number?
True
Is 24787421 a prime number?
True
Is 46016003 a prime number?
False
Is 73200247 a prime number?
False
Is 4794521 a prime number?
False
Is 95548597 prime?
True
Is 401374537 a composite number?
True
Is 479929343 composite?
False
Is 306343711 a prime number?
True
Is 5011301 composite?
False
Is 248104039 a prime number?
True
Is 176982391 a prime number?
True
Is 6120559 composite?
False
Is 20177489 a prime number?
False
Is 8112527 a composite number?
False
Is 6556331 a composite number?
False
Is 228412771 prime?
False
Is 2696299 a composite number?
False
Is 66997339 composite?
False
Is 16166477 a composite number?
False
Is 1719457 composite?
True
Is 18027143 a composite number?
True
Is 141094073 prime?
True
Is 9150773 a composite number?
False
Is 277679 a composite number?
True
Is 47776933 composite?
True
Is 2904617 a composite number?
True
Is 265516985 a composite number?
True
Is 235590013 prime?
True
Is 250653433 a composite number?
False
Is 7811389 a composite number?
True
Is 375712951 a composite number?
True
Is 32949817 a prime number?
True
Is 262967351 prime?
True
Is 6186118 composite?
True
Is 23977033 composite?
True
Is 30292501 a composite number?
True
Is 668851 a composite number?
False
Is 8130089 a prime number?
False
Is 6917999 composite?
True
Is 53354837 prime?
True
Is 33966839 a composite number?
False
Is 4869257 composite?
False
Is 17155231 prime?
True
Is 7204567 a composite number?
False
Is 97086293 prime?
False
Is 731135441 a prime number?
False
Is 936869 a composite number?
False
Is 7872029 prime?
False
Is 8243381 a composite number?
False
Is 86727691 a composite number?
True
Is 43303619 prime?
True
Is 201027389 composite?
False
Is 87143005 prime?
False
Is 29605711 prime?
True
Is 43788737 prime?
True
Is 5807049 prime?
False
Is 14350571 composite?
False
Is 3678407 a composite number?
False
Is 30304439 composite?
True
Is 29258137 composite?
False
Is 1886323 composite?
True
Is 278768807 prime?
True
Is 161655299 prime?
False
Is 126643249 composite?
True
Is 5922941 a prime number?
T